 the prime factors of q?
53
Let j = -14 + 38. List the prime factors of (-2)/8 + 510/j.
3, 7
Let n(i) = 5*i**2 + 2*i - 1. Let g be n(1). Suppose g*j + 0*j + 318 = 0. What are the prime factors of j/(1 - (-4)/(-2))?
53
Let r = -309 - -468. What are the prime factors of r?
3, 53
Suppose 0 = -39*h + 33*h + 4344. List the prime factors of h.
2, 181
Suppose 4*t + 5*l = 1277, 3*t + 1307 = 7*t - 5*l. What are the prime factors of t?
17, 19
Let h = 137 - 74. Suppose -4*d = 58 + 74. Let j = d + h. List the prime factors of j.
2, 3, 5
Let a(j) = 4*j - 3. Suppose -19 = 4*g + 9. Let k be 1*1/(-1)*g. What are the prime factors of a(k)?
5
Let f = -503 - -1143. Suppose -4*p - 2*h + 124 = -406, f = 5*p - 5*h. List the prime factors of p.
131
Let z = 124 + -51. Let m = -34 + z. What are the prime factors of m?
3, 13
Let p = -78 + 23. Let g = 92 + p. What are the prime factors of g?
37
Let b(c) be the first derivative of c**4/4 + 8*c**3/3 + 2*c**2 - c - 34. What are the prime factors of b(-7)?
2, 5
Let w(z) = 8*z**2 - 5*z - 30. What are the prime factors of w(-7)?
397
Let c(b) = -6*b**3 - 16*b**2 - 7*b - 8. Let y = 21 + -16. Let q(l) = -7*l**3 - 17*l**2 - 7*l - 8. Let u(g) = y*q(g) - 6*c(g). List the prime factors of u(-10).
2, 19
Let y = -374 + 638. What are the prime factors of y?
2, 3, 11
Suppose 75*u = 71*u + 1136. What are the prime factors of u?
2, 71
Let k(c) = 1862*c - 3. What are the prime factors of k(2)?
61
Let n = -27 + 133. Let s = -6 + n. List the prime factors of s.
2, 5
Suppose 0 = 5*k + 5*a - 1040, 0 = 4*k - 2*a - 318 - 538. What are the prime factors of k?
2, 53
List the prime factors of (-1)/(-2)*428 + -5.
11, 19
Suppose t + 96 = 7*t. Suppose -d + 34 = -t. What are the prime factors of d?
2, 5
Suppose 43*u - 40*u - 7676 = -4*j, 4*u - 3838 = -2*j. List the prime factors of j.
19, 101
Let y = -4 + 1. Let w(g) = -g**3 + 4*g + 3. List the prime factors of w(y).
2, 3
Let n(h) = 10*h + 8*h**2 + 7 - h**3 - 3 + 1 + 6. Let r be n(9). Let f = r - 0. What are the prime factors of f?
2, 5
Let k = 829 - 577. Suppose -6*v - 4*i = -3*v - k, v + 5*i = 95. What are the prime factors of v?
2, 5
Let t be (2/(-4))/(4/(-248))*-5. List the prime factors of (t/(-4) - 2)/(15/40).
2, 7
Suppose 2*y + 4*j = -14, 4*y + 0*j - 20 = 4*j. Let g(d) = 5*d + 9. List the prime factors of g(y).
2, 7
Suppose -4 = -72*j + 71*j. Suppose j*h - 5*g = 196, 0 = h + 3*h - g - 180. What are the prime factors of h?
2, 11
Let s be 6*(-33)/(-30)*10. Suppose 0 = -s*n + 62*n + 408. What are the prime factors of n?
2, 3, 17
Suppose -2*f - 1 = 1, -5*f = 3*j - 10. Suppose -j*a = -8 - 22. List the prime factors of a.
2, 3
Let t = 17 + 35. Let v = t + 35. What are the prime factors of v?
3, 29
List the prime factors of 177/((-45)/(-12) + -3).
2, 59
Suppose -4*j + 2*h + 4 = 0, 2 = 4*j - 2*h - h. Suppose 0 = 4*i - j*u - 42, 17 = 2*i - 6*u + u. What are the prime factors of i + (4 - 4)/(-2)?
11
Suppose -g = -4*z - 12, z + 14 = 3*g - 0*z. Suppose k = g + 4. List the prime factors of k.
2
Let i = 227 + 281. List the prime factors of i.
2, 127
Let g = 7 + -5. Suppose 5*s = -3*u - 12, 4*u - 6*s + g*s - 16 = 0. What are the prime factors of (70/u)/(4 - 2)?
5, 7
Let c be 82/(-6) + 24/(-18). Let z = c + 13. List the prime factors of z/(-3) - (-388)/12.
3, 11
Let u(v) = -210*v + 183. List the prime factors of u(-19).
3, 13, 107
Suppose 0*z + 3*z = 3, 3*z + 213 = 2*p. Suppose -12*u + 0*u = -p. List the prime factors of u.
3
Suppose -q + 4 = 0, 5*o - 5*q + 235 = 745. What are the prime factors of o?
2, 53
Let t = -12 - -59. What are the prime factors of t?
47
What are the prime factors of 11/(66/2140)*432/30?
2, 3, 107
Let t(i) = i**2 + 4*i + 6. Let c be t(-4). Let m(w) = 438*w + 10 - 441*w - 3*w**2 + 4*w**2. List the prime factors of m(c).
2, 7
Let f = 183 + -106. What are the prime factors of (3 + -11 - -4) + f?
73
Suppose -9*t = -7*t + 4*p - 8118, 0 = -4*t + 4*p + 16272. What are the prime factors of t?
3, 5, 271
Suppose 0 = 2*c, c + 115 = -5*y - 2*c. Let f(r) = r**2 - 11*r - 35. Let o be f(15). Let b = y + o. What are the prime factors of b?
2
Let w be ((-15)/(-10))/(1/162). Suppose 8*p - 661 = w. Let m = -42 + p. What are the prime factors of m?
71
Let w(x) = x**3 + 3*x**2 - 7*x - 1. Let n be w(-5). Let c = 16 + n. Suppose 3*v - 4*p = -2*v + 98, -v + 3*p + 24 = c. List the prime factors of v.
2, 3
Let i = -46 - -97. Suppose 5*v = i + 19. List the prime factors of v.
2, 7
Suppose 4*i + 0*i + 19 = 3*z, -23 = -4*z + 3*i. Suppose -z*q = -5*m - 360, -5*q + 3*q = -4*m - 152. List the prime factors of q.
2, 17
Suppose -627 = 25*c - 14*c. Let x = -73 + 32. Let u = x - c. List the prime factors of u.
2
Suppose 0 = -4*y + 2*q - 10, 4 = 2*y + q - 1. Suppose 0 = -y*s - s + 43. List the prime factors of s.
43
Suppose 40 - 10 = 3*x. Let c(s) = -s**3 + 11*s**2 - 8*s - 8. Let i be c(x). Suppose -j + i = j. List the prime factors of j.
2, 3
Let m(b) = b**3 + 12*b**2 + 10*b - 7. Let t be m(-11). Suppose 2*z + z = 0. Suppose j - 3*w - 80 = 0, 302 = t*j - z*w - 3*w. What are the prime factors of j?
2, 37
Suppose 33 = -6*s + 597. Suppose 2*n - 12 = 2*q - s, -2*q = 4*n - 112. What are the prime factors of (q/(-3) + 2)*-3?
2, 5
Let p(g) = 48*g**2 - 20*g - 92. What are the prime factors of p(-4)?
2, 3, 7
Let r = 684 + -639. What are the prime factors of r?
3, 5
Suppose 3*u + u - 1588 = g, -4*g = 4*u - 1608. List the prime factors of 1/(10/4) + u/5.
2, 5
Suppose -19*p + 17*p = -5*q - 1797, 3*q + 2691 = 3*p. What are the prime factors of p?
2, 7
Suppose 8 = -0*x - 4*x. Let g be x/(-2 + (-44)/(-20)). Let j = 34 + g. List the prime factors of j.
2, 3
Suppose 0 = -y - 3*a - 42, a - 106 = 6*y - 3*y. Let z = y + 20. Let d = z - -39. List the prime factors of d.
23
Suppose -u - 4*u = 15. Let q = u - 0. What are the prime factors of ((-8)/q)/((-3)/(-18))?
2
Suppose 0 = 72*b - 45025 - 234695. What are the prime factors of b?
3, 5, 7, 37
Let o(q) be the third derivative of -q**5/60 + q**4/2 + 11*q**3/6 + 16*q**2. What are the prime factors of o(9)?
2, 19
Let k = -1242 - -1444. List the prime factors of k.
2, 101
List the prime factors of (-33)/10*4*(-805)/14.
3, 11, 23
Let h = 25 + -35. List the prime factors of (-624)/h - 18/(-30).
3, 7
What are the prime factors of 612 + 6/4*64/(-24)?
2, 19
Let h be ((-5)/(-20) + 0)/(1/4). What are the prime factors of 84 - (5 - 2 - 1/h)?
2, 41
Let t(a) = a**3 + 31. Let h be t(0). List the prime factors of (317 - -1)*h/62.
3, 53
Suppose 0 = -2*r + 1436 + 3060. What are the prime factors of r?
2, 281
List the prime factors of ((-115)/23 - 22/(-4))*1696.
2, 53
Let w(n) = 134*n**2 - 1 - 2*n**3 - 129*n**2 + 3 + n**3. List the prime factors of w(3).
2, 5
Suppose 1750 - 7465 = -15*s. What are the prime factors of s?
3, 127
Let z be 1*(-4 - -2)/2. Let n be (410/(-10))/(z - 0). Let q = 61 - n. What are the prime factors of q?
2, 5
Let x(z) = -5*z**3 - z**2 - z + 1. Let f be x(1). What are the prime factors of (4/f)/((-34)/867)?
17
Let r = 7 - 7. Suppose 4*n - 5*n + 3 = 0. Suppose r = -n*b - 24 + 84. What are the prime factors of b?
2, 5
Let v = 90 - 17. Suppose v*j = 70*j + 396. List the prime factors of j.
2, 3, 11
Suppose -2*y + 12051 = 5*s, 2406 = -28*s + 29*s - y. What are the prime factors of s?
3, 11, 73
Let u = 11 - 9. Suppose l + u*l - 9 = 0. Suppose 0 = -3*t + 2*j + 68, -j + 72 = l*t - 4*j. List the prime factors of t.
2, 5
Suppose 0 = -3*p + 776 + 166. Let m = p + -215. List the prime factors of m.
3, 11
Let p(d) = -d**2 - 16*d - 14. Suppose 3*i + 7 = -11. List the prime factors of p(i).
2, 23
Let r = 82 + -77. Suppose 2*d - 2*x + 4*x - 316 = 0, 3*d - r*x = 490. What are the prime factors of d?
2, 5
Let q(s) = s - 11. Let h be q(14). Let d be 1 - (0 + (h - 0)). What are the prime factors of d/5 + (-32)/(-5)?
2, 3
Let g = 857 - 287. What are the prime factors of g?
2, 3, 5, 19
Suppose 2 - 17 = -3*g. Suppose g*s = 4*o - 35, 3*o + 3 = 4*s + 31. Let z(j) = -j - 4. List the prime factors of z(s).
3
Let b(y) = -3*y**2 + y - 1. Let j be b(-2). Let d = j + 17. Suppose v - 4*q = -0*q + 27, -d*v + 5*q = -69. List the prime factors of v.
47
Let u(o) = 9*o**2 + 3*o. Let v be ((21/(-6))/7)/((-1)/(-4)). List the prime factors of u(v).
2, 3, 5
Let u = 17 - 14. Let n(t) = 5*t**3 + 4*t**2 - 6*t - 1. Let p be n(u).